 - 13*b. Determine o(b).
44
Let q(c) = -5*c + 16. Let r be q(4). Let t be 0/(r/(8/(-6))). Let d be t/((-4)/(8/(-2))). Let x(h) = -h**3 + h**2 - h + 9. What is x(d)?
9
Let u(t) = t**2 - 8*t + 3. Let q(r) = 28*r - 25. Let k be q(1). Suppose -k*a + 41 = 5*v + 24, 5*a = v + 47. Give u(a).
12
Suppose -4*r = 5*k - 4*k - 15, 3*r - 2*k - 14 = 0. Let y(d) be the first derivative of -d**2 + 9*d - 359. Let s be y(r). Let f(a) = -6*a**2 + 1. Calculate f(s).
-5
Let l(z) = -3*z**3 + 16*z**2 - 5*z + 7. Let j(f) = 84*f - 3775. Let w be j(45). Calculate l(w).
7
Let b(r) = -r**2 + 118*r - 567. Let m be b(5). Let z(f) = 11*f - 1. Determine z(m).
-23
Let w be 2/1 - (1 + -1). Suppose a + w = -5. Let d(j) = 68*j - 17*j + 0 - 21*j + 1 - 10*j - 19*j. Determine d(a).
-6
Let j(m) be the third derivative of 1/24*m**4 - 1/30*m**5 + 0*m - 5*m**2 + 0*m**3 - 1. Give j(-1).
-3
Let i(j) = -11*j**2 - 23*j - 4. Let v(u) = -4*u**2 - 8*u - 1. Let b(f) = -3*i(f) + 8*v(f). Let c(d) = 6*d**2 + 29*d - 8. Let g be c(-5). Determine b(g).
-2
Let d(k) be the third derivative of 0*k**4 - 2/15*k**5 + 0*k + 0*k**3 + 2 + k**2. What is d(-1)?
-8
Let y = 1637 - 1636. Let k(i) = 42*i - 25. Calculate k(y).
17
Suppose 3*w + 5*f + 51 = 0, 5*f = 19*w - 14*w - 35. Let j(t) = -t - 1. Let p(s) = 6*s + 4. Let a(z) = 4*j(z) + p(z). What is a(w)?
-4
Let c(k) = -k**3 + 13*k**2 + 8*k + 81. Let v be c(14). Let w(l) = -l**3 - 5*l**2 - 8*l - 3. Determine w(v).
3
Suppose 0 = -y + 3*y + d - 17, -d - 31 = -4*y. Let c(x) = x - y - 5*x**2 + 2 + x**3 - 7*x. Let u(v) = -2*v**2 - 25*v + 19. Let r be u(-13). Calculate c(r).
-6
Suppose 2*y = -3*y - 25. Let i(v) be the first derivative of v**4/4 + 2*v**3 + 5*v**2/2 + v + 5492. Give i(y).
1
Let j(f) = -f - 6. Let t(x) = 5*x + 11. Let c(l) = -9*l - 22. Let n(u) = -3*c(u) - 5*t(u). Let v(k) = 5*j(k) + 3*n(k). Let p = 170 + -176. Give v(p).
-3
Let f(g) be the third derivative of 0*g + 5/24*g**4 + 0 - 2/3*g**3 + 1/30*g**5 - 1/120*g**6 - 105*g**2. Determine f(3).
2
Let w(l) = -1 - 2103*l**2 - 62*l + 2105*l**2 + 222. What is w(27)?
5
Let b(q) = -2 + 2*q**2 - 4*q**2 - 9*q + 3*q**2. Let l(y) = 2*y**3 - 13*y**2 + 826*y - 4911. Let p be l(6). What is b(p)?
-2
Let a = 71136 + -71140. Let x(h) = h - 4*h - 2 + 4*h. What is x(a)?
-6
Let b(i) = i - 19370 + 19369 - 2*i. Calculate b(14).
-15
Let t(u) = -u + 9. Suppose 4*v - 11 = d, 4*d + 4*v - 16 = -0*d. Let x be (2 + d)/((-4)/(-16)). Determine t(x).
-3
Let t(d) = 3*d**3 + 55*d**2 + 15*d - 56. Let z be t(-18). Let c(s) = 6*s**2 + 4*s + 1. Give c(z).
17
Let w(j) = -7 + 2*j - j**2 - 2*j**3 + j**3 + 6*j**2. Let f be ((-567)/(-18))/7 - (-2)/(-4). Suppose -15 - 5 = -f*n. Give w(n).
3
Let u = 110 - 107. Let b(s) = 2*s**2 - s**3 - 802 + 0*s**u + 804. Determine b(2).
2
Let i be (-9 - 5)*(-8)/14. Suppose -103*z = -105*z + i, 2*b + 2*z = 20. Let r(j) = j**3 - 5*j**2 - 6*j. Calculate r(b).
0
Let a(k) = -k**2 - 17*k - 12. Let l be a(-16). Let x(m) = -l - 3 - 2*m + 7 - m**2 + 2. Let j = -5 - -1. Give x(j).
-6
Suppose 20 = 6*t - 2*t. Suppose -3*y - t*o + 89 = -0*o, -y + 11 = -3*o. Let c(z) = -y - 4*z + 5 + 3 + 5*z. Give c(0).
-15
Let t(x) = 3*x + 2*x**3 - x**3 - 8 - 51749*x**2 + 51756*x**2. Determine t(-6).
10
Let s(m) be the third derivative of m**6/720 - 2*m**5/15 - 13*m**4/3 - 11*m**2 - m. Let w(x) be the second derivative of s(x). Give w(12).
-4
Let k = 1547 + -1566. Let v(s) = s + 36. What is v(k)?
17
Let k be (10/(-7))/(9/42)*459/(-612). Let l(c) = -c**3 + 2*c**2 + 15*c - 5. Determine l(k).
-5
Let l(y) = -y**3 - 5*y**2 - 5*y - 2. Suppose 14*i - 19*i = 470. Let c = i - -90. Let n be l(c). Let k(a) = -a**2 + 3*a - 3. Calculate k(n).
-1
Let u(o) = 3*o**3 + 16*o**2 + 8*o + 4. Suppose 0 = -2*q + m - 16, 16*q - 5*m = 20*q - 10. What is u(q)?
-11
Let w(g) = -2*g**3 - 4*g**2 - 15*g + 7. Let q(c) = -c**3 - 2*c**2 - 7*c + 3. Let z(o) = 13*q(o) - 6*w(o). Let r(m) = 18*m - 399. Let p be r(22). What is z(p)?
9
Let z(r) = -3*r**2 + 10*r - 6. Let t(v) = 0*v + 2*v**2 + 18 - 8*v + 14 - 26. Let f(h) = 4*t(h) + 3*z(h). Give f(-5).
-9
Let i(t) be the first derivative of t**3/3 + 2*t**2 + 4*t - 2349. Let l = -8 + 1. Let c(q) = q + 3. Let s be c(l). What is i(s)?
4
Let v(c) = 23*c - 180. Suppose 520 - 152 = 46*n. Determine v(n).
4
Let f(u) = -3*u**2 + 61*u - 161. Let p(k) = 2*k**2 - 31*k + 79. Let t(v) = -3*f(v) - 5*p(v). Determine t(-31).
-5
Let c(g) = -24*g + 6. Suppose -2*f = -2*x - 10, -3*f - 13 = 2*x - 8. Calculate c(f).
-18
Let y(k) be the first derivative of -2*k**2 + 2*k + 1. Suppose -101*w - 266*w = 31*w - 1194. Give y(w).
-10
Let i(u) = u**2 - 14. Let s = -271 - -278. Suppose -s*j - 4 = -3*j - 4*y, -2*y + 2 = j. Give i(j).
-14
Suppose -3*t + 282 = -2*w, 5*t = w + 202 - 47. Let h be w/(-6)*30/(-45). Let d(b) = -b**3 - 16*b**2 - 16*b - 17. What is d(h)?
-2
Suppose 0 = f - 18 - 81. Let h(w) = f*w - 101*w - 1 - 1. Give h(-2).
2
Let h = 15052 + -15050. Let p(c) be the first derivative of -2/3*c**3 - 1/2*c**4 - 16 - c + 1/2*c**h. Calculate p(-2).
5
Let q(w) = 4*w - 17. Let m be 8 + -1 + (5 - 6). Let a(g) = 12*g - 47. Let s(y) = m*a(y) - 17*q(y). Give s(9).
43
Let h(v) = 7*v**2 - 4 + v**3 + 7*v + 4 - 4. Let z be (-8)/10*(210/(-4) - 5). Suppose z*d = 47*d + 6. Determine h(d).
-10
Suppose 5*f = f + 8. Let l(o) be the third derivative of -o**6/720 + o**5/60 - 23*o**4/12 - 18*o**2. Let h(n) be the second derivative of l(n). What is h(f)?
0
Suppose 5*i + 0*i + 15 = -m, -5 = -5*m - 5*i. Let f(t) = 20*t**2 - 6*t - 21. Let q(x) = 7*x**2 - 2*x - 7. Let z(j) = 6*f(j) - 17*q(j). Determine z(m).
8
Suppose -4*n = -44 + 36. Let p be (-16)/(-6)*9/3. Suppose 0 = -s - p + n. Let g(o) = -o - 2. Calculate g(s).
4
Let i = -2255 - -2268. Let g(c) = 4*c**2 - 51*c - 11. What is g(i)?
2
Let b(m) = m**3 - 12*m**2 - 29*m. Let t = 4549 + -4535. What is b(t)?
-14
Let r(f) be the second derivative of -7*f**3/6 + f**2/2 + 2*f. Let d(n) = -7*n + 3 + 0*n - 1 + 3*n - 9*n. Let j(a) = -4*d(a) + 7*r(a). Give j(3).
8
Let y(m) be the first derivative of -m**4/4 + 5*m**3/3 + 5*m**2/2 - m - 541. Let z be (-2 + -1 + 9)*1. Give y(z).
-7
Let x(g) = 11*g**2 + 2. Let a be (-10)/(-20)*(1 - -199). Suppose 0*q = -50*q + a. What is x(q)?
46
Let t(g) = -3*g - 3. Suppose -3 = 5*p - 6*p, n - p - 19 = 0. Suppose -2*x + 5*b - 4*b = n, -4*x - 46 = -3*b. Let j be 6/x*(-19 + 24). Give t(j).
6
Let j(o) be the third derivative of -o**6/120 - o**5/10 - o**4/8 - o**3/6 - 3*o**2. Let k be (-344)/129*(17/2 + -7). Calculate j(k).
-21
Let t(l) = -l**3 + 12*l**2 + 13*l - 1. Let s be (-15)/(-3)*(4 + -2) - (9 - 12). Give t(s).
-1
Let u(m) = m + 6. Suppose 213 = -3*w - c, -2*c = 4*w - 3*c + 277. Let a = -67 - w. Let k be a + -10 + -3 + 6/2. Give u(k).
-1
Let r(m) be the first derivative of 17 + 1/3*m**3 - 3*m + 3*m**2. Calculate r(-8).
13
Let z(n) = -n**3 + n - 1. Suppose 0 = -f + 2*f - 4. Suppose 4*u = f + 140. Let l = u - 38. Calculate z(l).
5
Let j(q) = 4*q**2 + 4. Suppose 7*m - 12*m - 17 = 4*c, -5*m = 3*c + 14. Give j(c).
40
Let p(x) = -6*x + 5. Let i = 143 - 139. Let h(a) = 17*a - 16. Let r(c) = i*h(c) + 11*p(c). Give r(10).
11
Let m(x) = 3*x + 36. Let c be m(-10). Suppose -37*z + c = -34*z. Let d(a) = -a + 4*a**2 - 6*a**z - 2 + 3*a**2 - 3*a. What is d(4)?
-2
Let r(c) = 4*c + 8. Suppose -341*h - 144 = -365*h. Determine r(h).
32
Let m(x) be the first derivative of 272 - 3*x - 3/2*x**2 - 2/3*x**3. Suppose 2*j = -2*y - 14, -y + 4*y = 2*j - 1. Give m(y).
-12
Let m(h) be the first derivative of h**4/4 - 4*h**3/3 - 27*h**2/2 + 44*h + 3424. What is m(7)?
2
Let z be (6/(-35)*(-920)/(-276))/((-4)/(-182)). Let q(x) = x - 42. What is q(z)?
-68
Let x(u) = -2*u**2 + 21*u + 103. Let z(f) = -2*f**2 + 20*f + 129. Let i(y) = -5*x(y) + 4*z(y). Give i(12).
-11
Let q be (-75344)/(-8432) - (4/(-62) + 0). Let b(s) = 8*s**2 - 73*s + 15. Determine b(q).
6
Suppose 0 = -5*y + 15*y - 30. Let v(d) = -7*d**2 + 2*d + 7 + 4*d**2 + y*d + 4*d**2. Determine v(-5).
7
Let b be (-10 - 16 - -4)*2. Let j(l) = 10*l + 438. Give j(b).
-2
Let l(t) = 35*t - 189. Let u(f) = -50*f + 178. Let p(w) = -4*l(w) - 3*u(w). What is p(-23)?
-8
Let u(p) = -10*p**3 + p**2. Let j(r) = r**3 - 16*r**2 + 56*r - 1. Let a be j(4). Suppose a - 5 = 26*q. Determine u(q).
-9
Let q(w) be the second derivative of 5*w**3/6 - 71*w**2/2 + w + 2. Let f be q(13). Let p(n) = n**3 + 7*n**2 + 8*n 